-j + 3 + 2. Suppose -j*u + 5*x - 5 = 0, 0 = -4*u + x + 2 + 9. Calculate the remainder when y(u) is divided by 7.
4
Let g be 3/(1*(-3)/2). Let m be -1 - g - (-5 - (-3)/1). Suppose m*a - 39 = -2*r, -a = -2*r - 1 - 20. What is the remainder when a is divided by 9?
6
Suppose 0 = 5*k + 5*u, k + 5*u = 7*u + 6. Calculate the remainder when -2*(-1)/(-3)*-22*3 is divided by k.
0
Let u = 26 - 64. Let a = u - -106. Suppose 2*q - 4*q + a = 0. Calculate the remainder when 66 is divided by q.
32
Calculate the remainder when 360 is divided by 2 + 0 + (-872)/(-40)*5.
27
Let s(y) = y**3 - 6*y**2 + 6*y + 5. Calculate the remainder when 102 is divided by s(6).
20
Let n = 4162 - 3465. What is the remainder when n is divided by 14?
11
Let i = 44 + 1. Suppose 11091 = 37*k + 3025. What is the remainder when k is divided by i?
38
Let d(j) = j**3 - 4*j**2 - 27*j - 20. What is the remainder when d(15) is divided by 27?
25
Let w(z) = z**2 + 2*z - 2. Suppose 4*g - 12 = -20. Let y be (-9 + 4)/(-1 - g). Calculate the remainder when w(y) is divided by 9.
4
Let p(i) = i**3 - 58*i**2 - 261*i - 1. What is the remainder when (-486)/(-5) + 2/(-10) is divided by p(-4)?
46
Suppose -4*i = 1 - 29. Suppose i*n + 1 = 8*n. Suppose 4*o - 1 = -5*a, a = -0*a - 2*o - 1. Calculate the remainder when n is divided by a.
0
Let q = -135 + 214. Suppose q*a + 60 = 85*a. What is the remainder when 37 is divided by a?
7
Let h = -7130 + 7175. What is the remainder when 202 is divided by h?
22
Suppose -8*u + u + 30*u = 1587. Calculate the remainder when 176 is divided by u.
38
Let l(x) = -x**2 - 21*x + 16. Suppose -4*p = -4*c - 4, -9 + 8 = -p. Suppose 7*y - 140 = -c*y. Calculate the remainder when l(-18) is divided by y.
10
What is the remainder when 602 + -2 - (-14 - -27) is divided by 190?
17
Suppose 2*r - 4*f = 4*r + 12, 0 = r + 4*f + 6. Calculate the remainder when (55/10)/(r/(-96)) is divided by 22.
0
Suppose 2*j + 3*j = 20, 4*c - 3*j + 4 = 0. Suppose 3*v = -2*n + 7*n + 188, -c*n = 2*v - 104. What is the remainder when 107 is divided by v?
51
Let k(v) = v**3 + 22*v**2 - v - 13. Let z = -48 - -47. Calculate the remainder when k(-22) is divided by 19 + -13 - (z - -4).
0
Let g = 600 + -1046. Let s = 467 + g. Let d(f) = -f**2 - 6*f - 1. What is the remainder when s is divided by d(-5)?
1
Let n = -3097 + 3101. Calculate the remainder when 381 is divided by n.
1
Let p be -2*(-10)/(-8)*448/(-80). Suppose g - p = 2*v, 5*g - 4*g = -2*v + 22. Calculate the remainder when 86 is divided by g.
14
Suppose 6*i + 18 = 4*i. Let w be (0 + 9)/((-3)/i). Suppose 0*b - b = -5*q - w, 3*b - 92 = 4*q. What is the remainder when b is divided by 21?
11
Suppose 0 = -3*k + k - 64. Let q = k + 46. Let g = 441 - 435. Calculate the remainder when q is divided by g.
2
Let y(w) = w**3 + 6*w**2 + 5*w + 2. What is the remainder when -1 - 26*(-3)/6 is divided by y(-5)?
0
Let a = -2126 - -3330. What is the remainder when a/(-35)*10/4*-1 is divided by 19?
10
Let m(h) = 12*h + 203. Let p be m(-17). Calculate the remainder when (-346)/p - (-4 - 0) is divided by 59.
55
Let d = -8782 - -8824. Calculate the remainder when 1/(2/334 - 0) is divided by d.
41
Suppose 3*u - 18 = -0*u. Let n = u + 103. Suppose -7*w + 2*w + 122 = 4*t, 0 = 5*t - 15. What is the remainder when n is divided by w?
21
Suppose 0 = -2*g + 3*g - 5*x - 96, -5*x + 252 = 2*g. Let s(d) = d**3 + 7*d**2 - 2*d - 30. Calculate the remainder when g is divided by s(-6).
8
Suppose -4*v + 8*v + 12 = -2*q, -2*q = 5*v + 15. Let m(o) = -o**2 + 2*o + 48. Let c = -1 + 26. Calculate the remainder when m(q) is divided by c.
23
Let r = -212 - -153. Let d(p) = -12*p**3 - 2*p**2 - 2*p - 3. What is the remainder when d(-2) is divided by (-1 + r)/(-55 - -53)?
29
Let p(y) = -y**3 + 52*y**2 + 203*y - 7. Calculate the remainder when 737 is divided by p(-4).
44
Let t = -52 + 99. Suppose 0 = -333*k + 95991 - 35385. Calculate the remainder when k is divided by t.
41
Suppose -4914 = -8*n - 6*n. Suppose -n = -115*o + 102*o. What is the remainder when 43 is divided by o?
16
Suppose -5*q + 4*g + 72 = 0, -3*q + 2*g + 0*g + 42 = 0. Suppose q*x = 9*x + 174. Let z = 72 - x. What is the remainder when 27 is divided by z?
13
Let x(q) = -3*q + 52. Let m be x(8). Suppose i = n + m, -5*n + 78 = 3*i - 2*n. What is the remainder when i is divided by (-1)/(-2) + 54/4?
13
Let y(i) = 2*i**3 + 7*i**2 + 2*i - 1. Let q be y(-3). Suppose -5*c - 25 = -4*w, 0 = -q*w - 4*c + 49 - 17. What is the remainder when 35 is divided by w?
5
Suppose 4*y + 35*h = 31*h + 316, -3*y + 209 = -4*h. Suppose -5*l - 55 = -10*l. Let n(s) = s + 8. Calculate the remainder when y is divided by n(l).
18
Let j(b) = -b**2 + 65*b - 7. Calculate the remainder when j(64) is divided by ((-60)/2)/(-5 + 4).
27
Suppose 5*l + 364 = 2*v - 287, v - l - 333 = 0. Let s = v + -310. What is the remainder when s is divided by 13?
2
Let a(i) = -2*i**2 - 42*i - 20. Let r be a(-16). Let v = r + -53. Calculate the remainder when v is divided by 45.
42
Let s = -637 - -403. Calculate the remainder when s/3*40/(-20) is divided by 81.
75
Suppose -3*a = -3*z - 33, 0*a - 3*z + 39 = 5*a. Let m(j) = -j**3 - 29*j**2 + 12*j + 12. Calculate the remainder when 528/9 + (-6)/a is divided by m(0).
10
Let f(o) = 4*o**2 - 84*o - 440. What is the remainder when 238 is divided by f(-5)?
78
Suppose -5*l - 511 = -2*p, -7*p + 2*l + 783 = -4*p. Suppose -3*n + 171 + 1076 = 5*f, 4*n - p = -f. Calculate the remainder when f is divided by 31.
30
Let c = -5 - -6. Let a = -28 + 45. Calculate the remainder when a is divided by c + (5 - (3 + -1)).
1
Suppose -5*b + 92 - 67 = 5*j, -2*b - 5*j + 1 = 0. Let p = 740 + -527. Calculate the remainder when p is divided by b.
5
Let o(f) = f**2 + 71*f + 674. Calculate the remainder when o(-68) is divided by 158.
154
Let w(t) = -6*t - 34. Suppose 2*u + 8 = 3*a - 7, 24 = -3*u + 4*a. Let g(q) = q + 7. What is the remainder when w(u) is divided by g(6)?
12
Let u = -116 - -119. Suppose 3*s = f - 48, u*s = 4*f - 5*f + 42. Calculate the remainder when f is divided by 15.
0
Suppose -2*y + 5*k = -1021, 5*k + 3 = 6*k. Calculate the remainder when y is divided by 173.
172
Suppose 4*a + 284*z = 282*z + 7730, -5*a = 5*z - 9650. What is the remainder when a is divided by 17?
14
Let q(x) = x**3 + 5*x**2 + 3*x + 16. Let w be q(-5). What is the remainder when 50/3 - w/((-18)/24) is divided by 5?
3
Let o(f) = -2*f**3 - 4*f**2 + 2*f + 1. Suppose 3*b = -b + 3*w + 245, -4*w - 12 = 0. Suppose -b = -4*v - 11. Calculate the remainder when o(-4) is divided by v.
9
Let v(k) = -k**2 - 17*k + 6. Let j be (-2)/(-15) - (-1936)/(-120). Let n be v(j). Let x = -9 + n. What is the remainder when 59 is divided by x?
7
Let k(p) = 21*p + 1099. What is the remainder when k(-43) is divided by 20?
16
What is the remainder when (-2)/(0 + 4/(-24) + 5270/31764) is divided by 25?
22
Let g = 4865 - 4332. Calculate the remainder when g is divided by 58.
11
Let z(l) = 3*l**2 + 58*l + 232. Calculate the remainder when 5980 is divided by z(-5).
13
Suppose -64 = 7*j - 5*j. Let r = -30 - j. What is the remainder when 31 is divided by 16/(-8) + (r - -8)?
7
Calculate the remainder when 102 is divided by 1800/(-360)*51/(-5).
0
Let o = 82 - 58. What is the remainder when (2/3)/(17/561) is divided by (-16)/o*(-42)/4?
1
Suppose s + 134 = 3*v, -3*v + 61 + 75 = s. Suppose -v*w + 18*w = -162. Let k = -7 + 11. What is the remainder when w is divided by k?
2
Suppose -19*p + 6076 = -5*p. Let t = 452 - p. What is the remainder when t is divided by 4?
2
Let r be ((-18)/27)/((-3)/(-9)). Let v(p) = p**2 - 8*p - 1. Calculate the remainder when ((-74)/3)/(6/(-18)) is divided by v(r).
17
What is the remainder when 464 - (968/(-77) - -12)*14 is divided by 463?
9
Suppose -2*g + 2*y = -101 + 41, -10*y = -4*g + 108. Calculate the remainder when 447 is divided by g.
31
Suppose -869 - 4348 = -3*n + 2*d, 8720 = 5*n + 5*d. Suppose t - 336 = -2*p, 5*t - n = 2*p - 37. Calculate the remainder when t is divided by 9.
7
What is the remainder when 824 is divided by (3 + 9 + -21)*-30?
14
Let i(t) = 3 + 144*t**2 - 150*t**2 + 3 - 7*t - 2*t**3 + t**3. What is the remainder when 26 is divided by i(-5)?
10
Suppose -n = 5*i - 986, 3*n - 9*i - 3034 = -5*i. Calculate the remainder when n is divided by 28.
26
Suppose -5*i - 2*n + 583 = 0, -3*i + 2